{"id":2319,"date":"2024-03-14T14:05:25","date_gmt":"2024-03-14T14:05:25","guid":{"rendered":"https:\/\/kineticsips.com\/?page_id=2319"},"modified":"2025-03-27T19:58:18","modified_gmt":"2025-03-27T19:58:18","slug":"rehbody","status":"publish","type":"page","link":"https:\/\/kineticsips.com\/index.php\/rehbody\/","title":{"rendered":"Acceso RehBody I.A ejercicio terap\u00e9utico."},"content":{"rendered":"\t\t<div data-elementor-type=\"wp-page\" data-elementor-id=\"2319\" class=\"elementor elementor-2319\">\n\t\t\t\t<div class=\"elementor-element elementor-element-1cbae54 e-flex e-con-boxed e-con e-parent\" data-id=\"1cbae54\" data-element_type=\"container\">\n\t\t\t\t\t<div class=\"e-con-inner\">\n\t\t\t\t<div class=\"elementor-element elementor-element-0f5ca37 elementor-widget elementor-widget-image\" data-id=\"0f5ca37\" data-element_type=\"widget\" data-widget_type=\"image.default\">\n\t\t\t\t<div class=\"elementor-widget-container\">\n\t\t\t\t\t\t\t\t\t\t\t\t\t\t\t<img fetchpriority=\"high\" decoding=\"async\" width=\"1024\" height=\"576\" src=\"https:\/\/kineticsips.com\/wp-content\/uploads\/2025\/03\/INTELIGENCIA-ARTIFICIAL-KINETICS-FISIOTERAPIA-1024x576.png\" class=\"attachment-large size-large wp-image-2740\" alt=\"\" srcset=\"https:\/\/kineticsips.com\/wp-content\/uploads\/2025\/03\/INTELIGENCIA-ARTIFICIAL-KINETICS-FISIOTERAPIA-1024x576.png 1024w, https:\/\/kineticsips.com\/wp-content\/uploads\/2025\/03\/INTELIGENCIA-ARTIFICIAL-KINETICS-FISIOTERAPIA-300x169.png 300w, https:\/\/kineticsips.com\/wp-content\/uploads\/2025\/03\/INTELIGENCIA-ARTIFICIAL-KINETICS-FISIOTERAPIA-768x432.png 768w, https:\/\/kineticsips.com\/wp-content\/uploads\/2025\/03\/INTELIGENCIA-ARTIFICIAL-KINETICS-FISIOTERAPIA-1536x864.png 1536w, https:\/\/kineticsips.com\/wp-content\/uploads\/2025\/03\/INTELIGENCIA-ARTIFICIAL-KINETICS-FISIOTERAPIA.png 1920w\" sizes=\"(max-width: 1024px) 100vw, 1024px\" \/>\t\t\t\t\t\t\t\t\t\t\t\t\t\t\t<\/div>\n\t\t\t\t<\/div>\n\t\t\t\t\t<\/div>\n\t\t\t\t<\/div>\n\t\t<div class=\"elementor-element elementor-element-67a9432 e-flex e-con-boxed e-con e-parent\" data-id=\"67a9432\" data-element_type=\"container\">\n\t\t\t\t\t<div class=\"e-con-inner\">\n\t\t<div class=\"elementor-element elementor-element-62abb5e e-con-full e-flex e-con e-child\" data-id=\"62abb5e\" data-element_type=\"container\">\n\t\t\t\t<div class=\"elementor-element elementor-element-6153786 elementor-widget elementor-widget-image\" data-id=\"6153786\" data-element_type=\"widget\" data-widget_type=\"image.default\">\n\t\t\t\t<div class=\"elementor-widget-container\">\n\t\t\t\t\t\t\t\t\t\t\t\t\t\t\t<img decoding=\"async\" width=\"800\" height=\"800\" src=\"https:\/\/kineticsips.com\/wp-content\/uploads\/2024\/01\/Copia-de-gif-Elevacion-Lateral-Hombros.gif\" class=\"attachment-large size-large wp-image-2310\" alt=\"\" \/>\t\t\t\t\t\t\t\t\t\t\t\t\t\t\t<\/div>\n\t\t\t\t<\/div>\n\t\t\t\t<\/div>\n\t\t<div class=\"elementor-element elementor-element-2f56825 e-con-full e-flex e-con e-child\" data-id=\"2f56825\" data-element_type=\"container\">\n\t\t<div class=\"elementor-element elementor-element-c986750 e-flex e-con-boxed e-con e-child\" data-id=\"c986750\" data-element_type=\"container\">\n\t\t\t\t\t<div class=\"e-con-inner\">\n\t\t\t\t<div class=\"elementor-element elementor-element-57bae18 elementor-widget elementor-widget-heading\" data-id=\"57bae18\" data-element_type=\"widget\" data-widget_type=\"heading.default\">\n\t\t\t\t<div class=\"elementor-widget-container\">\n\t\t\t\t\t<h2 class=\"elementor-heading-title elementor-size-default\">Acceso plataforma de prescripci\u00f3n y monitorizaci\u00f3n Kinetics.<\/h2>\t\t\t\t<\/div>\n\t\t\t\t<\/div>\n\t\t\t\t<div class=\"elementor-element elementor-element-d62822e elementor-widget elementor-widget-text-editor\" data-id=\"d62822e\" data-element_type=\"widget\" data-widget_type=\"text-editor.default\">\n\t\t\t\t<div class=\"elementor-widget-container\">\n\t\t\t\t\t\t\t\t\t<p><strong>\u00bfQue es RehBody?<\/strong><\/p>\t\t\t\t\t\t\t\t<\/div>\n\t\t\t\t<\/div>\n\t\t\t\t<div class=\"elementor-element elementor-element-cbd682c elementor-widget elementor-widget-text-editor\" data-id=\"cbd682c\" data-element_type=\"widget\" data-widget_type=\"text-editor.default\">\n\t\t\t\t<div class=\"elementor-widget-container\">\n\t\t\t\t\t\t\t\t\t<p>Rehbody es un sistema de Inteligencia Artificial centrado en la prescripci\u00f3n, supervisi\u00f3n y tratamiento mediante el ejercicio terap\u00e9utico. Su funcionalidad radica en la capacidad de monitorear y dise\u00f1ar planes personalizados para cada usuario. Este sistema ofrece una soluci\u00f3n integral para mejorar la salud y el bienestar, adapt\u00e1ndose a las necesidades individuales de cada persona y proporcionando un enfoque espec\u00edfico y efectivo para el tratamiento a trav\u00e9s del ejercicio.<\/p>\t\t\t\t\t\t\t\t<\/div>\n\t\t\t\t<\/div>\n\t\t\t\t<div class=\"elementor-element elementor-element-edcd21c elementor-button-info elementor-align-center elementor-widget elementor-widget-button\" data-id=\"edcd21c\" data-element_type=\"widget\" data-widget_type=\"button.default\">\n\t\t\t\t<div class=\"elementor-widget-container\">\n\t\t\t\t\t\t\t\t\t<div class=\"elementor-button-wrapper\">\n\t\t\t\t\t<a class=\"elementor-button elementor-button-link elementor-size-xl\" href=\"https:\/\/rehand.net\/rehbody\/#\/main?theme=kinetics\">\n\t\t\t\t\t\t<span class=\"elementor-button-content-wrapper\">\n\t\t\t\t\t\t\t\t\t<span class=\"elementor-button-text\">Pulsa Aqu\u00ed<\/span>\n\t\t\t\t\t<\/span>\n\t\t\t\t\t<\/a>\n\t\t\t\t<\/div>\n\t\t\t\t\t\t\t\t<\/div>\n\t\t\t\t<\/div>\n\t\t\t\t\t<\/div>\n\t\t\t\t<\/div>\n\t\t<div class=\"elementor-element elementor-element-5eba197 e-flex e-con-boxed e-con e-child\" data-id=\"5eba197\" data-element_type=\"container\">\n\t\t\t\t\t<div class=\"e-con-inner\">\n\t\t\t\t\t<\/div>\n\t\t\t\t<\/div>\n\t\t\t\t<\/div>\n\t\t\t\t\t<\/div>\n\t\t\t\t<\/div>\n\t\t<div class=\"elementor-element elementor-element-d701313 e-flex e-con-boxed e-con e-parent\" data-id=\"d701313\" data-element_type=\"container\">\n\t\t\t\t\t<div class=\"e-con-inner\">\n\t\t\t\t<div class=\"elementor-element elementor-element-9b4fe96 elementor-widget elementor-widget-spacer\" data-id=\"9b4fe96\" data-element_type=\"widget\" data-widget_type=\"spacer.default\">\n\t\t\t\t<div class=\"elementor-widget-container\">\n\t\t\t\t\t\t\t<div class=\"elementor-spacer\">\n\t\t\t<div class=\"elementor-spacer-inner\"><\/div>\n\t\t<\/div>\n\t\t\t\t\t\t<\/div>\n\t\t\t\t<\/div>\n\t\t\t\t\t<\/div>\n\t\t\t\t<\/div>\n\t\t<div class=\"elementor-element elementor-element-57387c0 e-flex e-con-boxed e-con e-parent\" data-id=\"57387c0\" data-element_type=\"container\">\n\t\t\t\t\t<div class=\"e-con-inner\">\n\t\t\t\t<div class=\"elementor-element elementor-element-2d67574 elementor-widget elementor-widget-heading\" data-id=\"2d67574\" data-element_type=\"widget\" data-widget_type=\"heading.default\">\n\t\t\t\t<div class=\"elementor-widget-container\">\n\t\t\t\t\t<h2 class=\"elementor-heading-title elementor-size-default\">\u00bfComo acceder a tu plan de ejercicio terap\u00e9utico?<\/h2>\t\t\t\t<\/div>\n\t\t\t\t<\/div>\n\t\t\t\t<div class=\"elementor-element elementor-element-5260583 elementor-widget elementor-widget-text-editor\" data-id=\"5260583\" data-element_type=\"widget\" data-widget_type=\"text-editor.default\">\n\t\t\t\t<div class=\"elementor-widget-container\">\n\t\t\t\t\t\t\t\t\t<p>En este video encontraras el paso a paso para tu registro en nuestro sistema de inteligencia artificial para ejercicio terap\u00e9utico, si tienes alguna duda adicional no dudes en contactarnos por nuestro canal de atenci\u00f3n al cliente.<\/p>\t\t\t\t\t\t\t\t<\/div>\n\t\t\t\t<\/div>\n\t\t\t\t<div class=\"elementor-element elementor-element-9ccc9de elementor-widget elementor-widget-video\" data-id=\"9ccc9de\" data-element_type=\"widget\" data-settings=\"{&quot;video_type&quot;:&quot;hosted&quot;,&quot;autoplay&quot;:&quot;yes&quot;,&quot;loop&quot;:&quot;yes&quot;,&quot;controls&quot;:&quot;yes&quot;}\" data-widget_type=\"video.default\">\n\t\t\t\t<div class=\"elementor-widget-container\">\n\t\t\t\t\t\t\t<div class=\"e-hosted-video elementor-wrapper elementor-open-inline\">\n\t\t\t\t\t<video class=\"elementor-video\" src=\"http:\/\/kineticsips.com\/wp-content\/uploads\/2024\/12\/Sistema-de-inteligencia-artificial-ejercicio-terapeutico-Kinetics.mp4\" autoplay=\"\" loop=\"\" controls=\"\" controlsList=\"nodownload\"><\/video>\n\t\t\t\t<\/div>\n\t\t\t\t\t\t<\/div>\n\t\t\t\t<\/div>\n\t\t\t\t\t<\/div>\n\t\t\t\t<\/div>\n\t\t\t\t<\/div>\n\t\t","protected":false},"excerpt":{"rendered":"<p>Acceso plataforma de prescripci\u00f3n y monitorizaci\u00f3n Kinetics. \u00bfQue es RehBody? Rehbody es un sistema de Inteligencia Artificial centrado en la prescripci\u00f3n, supervisi\u00f3n y tratamiento mediante el ejercicio terap\u00e9utico. Su funcionalidad radica en la capacidad de monitorear y dise\u00f1ar planes personalizados para cada usuario. Este sistema ofrece una soluci\u00f3n integral para mejorar la salud y el&#8230;<\/p>\n","protected":false},"author":1,"featured_media":0,"parent":0,"menu_order":0,"comment_status":"closed","ping_status":"closed","template":"","meta":{"_kadence_starter_templates_imported_post":false,"_kad_post_transparent":"","_kad_post_title":"","_kad_post_layout":"","_kad_post_sidebar_id":"","_kad_post_content_style":"","_kad_post_vertical_padding":"","_kad_post_feature":"","_kad_post_feature_position":"","_kad_post_header":false,"_kad_post_footer":false,"footnotes":""},"_links":{"self":[{"href":"https:\/\/kineticsips.com\/index.php\/wp-json\/wp\/v2\/pages\/2319"}],"collection":[{"href":"https:\/\/kineticsips.com\/index.php\/wp-json\/wp\/v2\/pages"}],"about":[{"href":"https:\/\/kineticsips.com\/index.php\/wp-json\/wp\/v2\/types\/page"}],"author":[{"embeddable":true,"href":"https:\/\/kineticsips.com\/index.php\/wp-json\/wp\/v2\/users\/1"}],"replies":[{"embeddable":true,"href":"https:\/\/kineticsips.com\/index.php\/wp-json\/wp\/v2\/comments?post=2319"}],"version-history":[{"count":29,"href":"https:\/\/kineticsips.com\/index.php\/wp-json\/wp\/v2\/pages\/2319\/revisions"}],"predecessor-version":[{"id":2743,"href":"https:\/\/kineticsips.com\/index.php\/wp-json\/wp\/v2\/pages\/2319\/revisions\/2743"}],"wp:attachment":[{"href":"https:\/\/kineticsips.com\/index.php\/wp-json\/wp\/v2\/media?parent=2319"}],"curies":[{"name":"wp","href":"https:\/\/api.w.org\/{rel}","templated":true}]}}