{"id":2603,"date":"2025-03-27T18:02:37","date_gmt":"2025-03-27T18:02:37","guid":{"rendered":"https:\/\/kineticsips.com\/?page_id=2603"},"modified":"2025-03-27T23:15:16","modified_gmt":"2025-03-27T23:15:16","slug":"serviciokinetics","status":"publish","type":"page","link":"https:\/\/kineticsips.com\/index.php\/serviciokinetics\/","title":{"rendered":"Nuestro servicio KINETICS"},"content":{"rendered":"\t\t<div data-elementor-type=\"wp-page\" data-elementor-id=\"2603\" class=\"elementor elementor-2603\">\n\t\t\t\t<div class=\"elementor-element elementor-element-f835d90 e-flex e-con-boxed e-con e-parent\" data-id=\"f835d90\" data-element_type=\"container\">\n\t\t\t\t\t<div class=\"e-con-inner\">\n\t\t\t\t\t<\/div>\n\t\t\t\t<\/div>\n\t\t<div class=\"elementor-element elementor-element-1142d63 e-flex e-con-boxed e-con e-parent\" data-id=\"1142d63\" data-element_type=\"container\">\n\t\t\t\t\t<div class=\"e-con-inner\">\n\t\t\t\t<div class=\"elementor-element elementor-element-80c20e5 elementor-widget elementor-widget-spacer\" data-id=\"80c20e5\" data-element_type=\"widget\" data-widget_type=\"spacer.default\">\n\t\t\t\t<div class=\"elementor-widget-container\">\n\t\t\t\t\t\t\t<div class=\"elementor-spacer\">\n\t\t\t<div class=\"elementor-spacer-inner\"><\/div>\n\t\t<\/div>\n\t\t\t\t\t\t<\/div>\n\t\t\t\t<\/div>\n\t\t\t\t<div class=\"elementor-element elementor-element-7b8cee1 elementor-widget elementor-widget-spacer\" data-id=\"7b8cee1\" data-element_type=\"widget\" data-widget_type=\"spacer.default\">\n\t\t\t\t<div class=\"elementor-widget-container\">\n\t\t\t\t\t\t\t<div class=\"elementor-spacer\">\n\t\t\t<div class=\"elementor-spacer-inner\"><\/div>\n\t\t<\/div>\n\t\t\t\t\t\t<\/div>\n\t\t\t\t<\/div>\n\t\t\t\t<div class=\"elementor-element elementor-element-6db3770 elementor-widget elementor-widget-spacer\" data-id=\"6db3770\" data-element_type=\"widget\" data-widget_type=\"spacer.default\">\n\t\t\t\t<div class=\"elementor-widget-container\">\n\t\t\t\t\t\t\t<div class=\"elementor-spacer\">\n\t\t\t<div class=\"elementor-spacer-inner\"><\/div>\n\t\t<\/div>\n\t\t\t\t\t\t<\/div>\n\t\t\t\t<\/div>\n\t\t\t\t<div class=\"elementor-element elementor-element-8bf1b10 elementor-align-right elementor-invisible elementor-widget elementor-widget-button\" data-id=\"8bf1b10\" data-element_type=\"widget\" data-settings=\"{&quot;_animation&quot;:&quot;bounceInUp&quot;}\" data-widget_type=\"button.default\">\n\t\t\t\t<div class=\"elementor-widget-container\">\n\t\t\t\t\t\t\t\t\t<div class=\"elementor-button-wrapper\">\n\t\t\t\t\t<a class=\"elementor-button elementor-button-link elementor-size-md\" href=\"https:\/\/kineticsips.com\/\">\n\t\t\t\t\t\t<span class=\"elementor-button-content-wrapper\">\n\t\t\t\t\t\t\t\t\t<span class=\"elementor-button-text\">Volver a la p\u00e1gina de inicio<\/span>\n\t\t\t\t\t<\/span>\n\t\t\t\t\t<\/a>\n\t\t\t\t<\/div>\n\t\t\t\t\t\t\t\t<\/div>\n\t\t\t\t<\/div>\n\t\t\t\t<div class=\"elementor-element elementor-element-08ee05c elementor-widget elementor-widget-image\" data-id=\"08ee05c\" data-element_type=\"widget\" data-widget_type=\"image.default\">\n\t\t\t\t<div class=\"elementor-widget-container\">\n\t\t\t\t\t\t\t\t\t\t\t\t\t\t\t<img fetchpriority=\"high\" decoding=\"async\" width=\"1024\" height=\"576\" src=\"https:\/\/kineticsips.com\/wp-content\/uploads\/2025\/03\/NUESTRO-SERVICIO-KINETICS-1024x576.png\" class=\"attachment-large size-large wp-image-2783\" alt=\"\" srcset=\"https:\/\/kineticsips.com\/wp-content\/uploads\/2025\/03\/NUESTRO-SERVICIO-KINETICS-1024x576.png 1024w, https:\/\/kineticsips.com\/wp-content\/uploads\/2025\/03\/NUESTRO-SERVICIO-KINETICS-300x169.png 300w, https:\/\/kineticsips.com\/wp-content\/uploads\/2025\/03\/NUESTRO-SERVICIO-KINETICS-768x432.png 768w, https:\/\/kineticsips.com\/wp-content\/uploads\/2025\/03\/NUESTRO-SERVICIO-KINETICS-1536x864.png 1536w, https:\/\/kineticsips.com\/wp-content\/uploads\/2025\/03\/NUESTRO-SERVICIO-KINETICS.png 1920w\" sizes=\"(max-width: 1024px) 100vw, 1024px\" \/>\t\t\t\t\t\t\t\t\t\t\t\t\t\t\t<\/div>\n\t\t\t\t<\/div>\n\t\t<div class=\"elementor-element elementor-element-42f9754 e-con-full e-flex e-con e-child\" data-id=\"42f9754\" data-element_type=\"container\">\n\t\t\t\t<div class=\"elementor-element elementor-element-a9e2382 elementor-widget elementor-widget-text-editor\" data-id=\"a9e2382\" data-element_type=\"widget\" data-widget_type=\"text-editor.default\">\n\t\t\t\t<div class=\"elementor-widget-container\">\n\t\t\t\t\t\t\t\t\t<p class=\"\" data-start=\"0\" data-end=\"332\">Kinetics I.P.S. ofrece un servicio <strong data-start=\"35\" data-end=\"107\">domiciliario especializado en rehabilitaci\u00f3n y ejercicio terap\u00e9utico<\/strong>, brindando atenci\u00f3n personalizada y de alta calidad en la comodidad del hogar de cada paciente. Nuestro enfoque combina innovaci\u00f3n en salud con herramientas tecnol\u00f3gicas avanzadas para optimizar el proceso de recuperaci\u00f3n.<\/p><h3 class=\"\" data-start=\"334\" data-end=\"372\"><strong data-start=\"338\" data-end=\"370\">Nuestros servicios incluyen:<\/strong><\/h3><p class=\"\" data-start=\"373\" data-end=\"1172\"><img decoding=\"async\" class=\"emoji\" role=\"img\" draggable=\"false\" src=\"https:\/\/s.w.org\/images\/core\/emoji\/14.0.0\/svg\/2705.svg\" alt=\"\u2705\" \/> <strong data-start=\"375\" data-end=\"415\">Ejercicio Terap\u00e9utico Personalizado:<\/strong> Dise\u00f1amos planes de ejercicio adaptados a cada paciente seg\u00fan su condici\u00f3n y objetivos de recuperaci\u00f3n.<br data-start=\"519\" data-end=\"522\" \/><img decoding=\"async\" class=\"emoji\" role=\"img\" draggable=\"false\" src=\"https:\/\/s.w.org\/images\/core\/emoji\/14.0.0\/svg\/2705.svg\" alt=\"\u2705\" \/> <strong data-start=\"524\" data-end=\"562\">Rehabilitaci\u00f3n F\u00edsica y Funcional:<\/strong> Aplicamos t\u00e9cnicas especializadas para mejorar la movilidad, reducir el dolor y favorecer la recuperaci\u00f3n.<br data-start=\"669\" data-end=\"672\" data-is-only-node=\"\" \/><img decoding=\"async\" class=\"emoji\" role=\"img\" draggable=\"false\" src=\"https:\/\/s.w.org\/images\/core\/emoji\/14.0.0\/svg\/2705.svg\" alt=\"\u2705\" \/> <strong data-start=\"674\" data-end=\"711\">Evaluaci\u00f3n y Seguimiento Digital:<\/strong> Contamos con tecnolog\u00eda que permite monitorear el progreso del paciente y ajustar el tratamiento en tiempo real.<br data-start=\"824\" data-end=\"827\" \/><img decoding=\"async\" class=\"emoji\" role=\"img\" draggable=\"false\" src=\"https:\/\/s.w.org\/images\/core\/emoji\/14.0.0\/svg\/2705.svg\" alt=\"\u2705\" \/> <strong data-start=\"829\" data-end=\"872\">Plataforma con Inteligencia Artificial:<\/strong> Disponemos de un sistema basado en IA para la prescripci\u00f3n y monitorizaci\u00f3n de ejercicios, lo que mejora la precisi\u00f3n y eficacia del tratamiento.<br data-start=\"1018\" data-end=\"1021\" \/><img decoding=\"async\" class=\"emoji\" role=\"img\" draggable=\"false\" src=\"https:\/\/s.w.org\/images\/core\/emoji\/14.0.0\/svg\/2705.svg\" alt=\"\u2705\" \/> <strong data-start=\"1023\" data-end=\"1056\">Innovaci\u00f3n en Rehabilitaci\u00f3n:<\/strong> Exploramos herramientas como la realidad virtual y la gamificaci\u00f3n para hacer la terapia m\u00e1s din\u00e1mica y efectiva.<\/p><p>\u00a0<\/p><p class=\"\" data-start=\"1174\" data-end=\"1548\"><img decoding=\"async\" class=\"emoji\" role=\"img\" draggable=\"false\" src=\"https:\/\/s.w.org\/images\/core\/emoji\/14.0.0\/svg\/2728.svg\" alt=\"\u2728\" \/> <strong data-start=\"1176\" data-end=\"1214\">Nuestro compromiso con la calidad:<\/strong><br data-start=\"1214\" data-end=\"1217\" \/>En Kinetics garantizamos un servicio <strong data-start=\"1254\" data-end=\"1286\">domiciliario de alta calidad<\/strong>, respaldado por un equipo de profesionales especializados, metodolog\u00edas basadas en evidencia cient\u00edfica y tecnolog\u00eda de vanguardia. Nos aseguramos de que cada paciente reciba una atenci\u00f3n integral y efectiva para su recuperaci\u00f3n, sin necesidad de desplazarse.<\/p>\t\t\t\t\t\t\t\t<\/div>\n\t\t\t\t<\/div>\n\t\t\t\t<div class=\"elementor-element elementor-element-ce22776 elementor-widget elementor-widget-video\" data-id=\"ce22776\" data-element_type=\"widget\" data-settings=\"{&quot;video_type&quot;:&quot;hosted&quot;,&quot;autoplay&quot;:&quot;yes&quot;,&quot;play_on_mobile&quot;:&quot;yes&quot;,&quot;controls&quot;:&quot;yes&quot;}\" data-widget_type=\"video.default\">\n\t\t\t\t<div class=\"elementor-widget-container\">\n\t\t\t\t\t\t\t<div class=\"e-hosted-video elementor-wrapper elementor-open-inline\">\n\t\t\t\t\t<video class=\"elementor-video\" src=\"http:\/\/kineticsips.com\/wp-content\/uploads\/2025\/03\/Como-funciona-Kinetics-IPS.mp4\" autoplay=\"\" controls=\"\" playsinline=\"\" controlsList=\"nodownload\"><\/video>\n\t\t\t\t<\/div>\n\t\t\t\t\t\t<\/div>\n\t\t\t\t<\/div>\n\t\t\t\t<\/div>\n\t\t\t\t<div class=\"elementor-element elementor-element-5c01bbc elementor-widget elementor-widget-spacer\" data-id=\"5c01bbc\" data-element_type=\"widget\" data-widget_type=\"spacer.default\">\n\t\t\t\t<div class=\"elementor-widget-container\">\n\t\t\t\t\t\t\t<div class=\"elementor-spacer\">\n\t\t\t<div class=\"elementor-spacer-inner\"><\/div>\n\t\t<\/div>\n\t\t\t\t\t\t<\/div>\n\t\t\t\t<\/div>\n\t\t\t\t<div class=\"elementor-element elementor-element-8757d59 elementor-widget elementor-widget-image\" data-id=\"8757d59\" data-element_type=\"widget\" data-widget_type=\"image.default\">\n\t\t\t\t<div class=\"elementor-widget-container\">\n\t\t\t\t\t\t\t\t\t\t\t\t\t\t\t<img decoding=\"async\" width=\"1024\" height=\"576\" src=\"https:\/\/kineticsips.com\/wp-content\/uploads\/2025\/03\/KINETICS-FISIOTERAPIA-DOMICILIARIA-1-1024x576.png\" class=\"attachment-large size-large wp-image-2607\" alt=\"\" srcset=\"https:\/\/kineticsips.com\/wp-content\/uploads\/2025\/03\/KINETICS-FISIOTERAPIA-DOMICILIARIA-1-1024x576.png 1024w, https:\/\/kineticsips.com\/wp-content\/uploads\/2025\/03\/KINETICS-FISIOTERAPIA-DOMICILIARIA-1-300x169.png 300w, https:\/\/kineticsips.com\/wp-content\/uploads\/2025\/03\/KINETICS-FISIOTERAPIA-DOMICILIARIA-1-768x432.png 768w, https:\/\/kineticsips.com\/wp-content\/uploads\/2025\/03\/KINETICS-FISIOTERAPIA-DOMICILIARIA-1-1536x864.png 1536w, https:\/\/kineticsips.com\/wp-content\/uploads\/2025\/03\/KINETICS-FISIOTERAPIA-DOMICILIARIA-1.png 1920w\" sizes=\"(max-width: 1024px) 100vw, 1024px\" \/>\t\t\t\t\t\t\t\t\t\t\t\t\t\t\t<\/div>\n\t\t\t\t<\/div>\n\t\t\t\t\t<\/div>\n\t\t\t\t<\/div>\n\t\t<div class=\"elementor-element elementor-element-b068d69 e-flex e-con-boxed e-con e-parent\" data-id=\"b068d69\" data-element_type=\"container\">\n\t\t\t\t\t<div class=\"e-con-inner\">\n\t\t\t\t<div class=\"elementor-element elementor-element-88b1d4f elementor-widget elementor-widget-shortcode\" data-id=\"88b1d4f\" data-element_type=\"widget\" data-widget_type=\"shortcode.default\">\n\t\t\t\t<div class=\"elementor-widget-container\">\n\t\t\t\t\t\t\t<div class=\"elementor-shortcode\"><iframe style=\"overflow: hidden; border-radius: 10px; margin-bottom: 10px;\"  src=\"https:\/\/softwarereservo.com\/encuestaSatisfaccion\/resenas\/f4110d28-1889-11ef-94d1-0242ac120004\/\" width=\"100%\"  height=\"600\" style=\"min-width:100%;min-height:600px\" frameborder=\"0\"><\/iframe><a href=\"https:\/\/www.reservo.cl\">Powered by Reservo<\/a>\n<\/div>\n\t\t\t\t\t\t<\/div>\n\t\t\t\t<\/div>\n\t\t\t\t\t<\/div>\n\t\t\t\t<\/div>\n\t\t\t\t<\/div>\n\t\t","protected":false},"excerpt":{"rendered":"<p>Volver a la p\u00e1gina de inicio Kinetics I.P.S. ofrece un servicio domiciliario especializado en rehabilitaci\u00f3n y ejercicio terap\u00e9utico, brindando atenci\u00f3n personalizada y de alta calidad en la comodidad del hogar de cada paciente. Nuestro enfoque combina innovaci\u00f3n en salud con herramientas tecnol\u00f3gicas avanzadas para optimizar el proceso de recuperaci\u00f3n. Nuestros servicios incluyen: Ejercicio Terap\u00e9utico Personalizado:&#8230;<\/p>\n","protected":false},"author":1,"featured_media":0,"parent":0,"menu_order":0,"comment_status":"closed","ping_status":"closed","template":"elementor_header_footer","meta":{"_kadence_starter_templates_imported_post":false,"_kad_post_transparent":"","_kad_post_title":"hide","_kad_post_layout":"fullwidth","_kad_post_sidebar_id":"","_kad_post_content_style":"unboxed","_kad_post_vertical_padding":"hide","_kad_post_feature":"hide","_kad_post_feature_position":"","_kad_post_header":false,"_kad_post_footer":false,"footnotes":""},"_links":{"self":[{"href":"https:\/\/kineticsips.com\/index.php\/wp-json\/wp\/v2\/pages\/2603"}],"collection":[{"href":"https:\/\/kineticsips.com\/index.php\/wp-json\/wp\/v2\/pages"}],"about":[{"href":"https:\/\/kineticsips.com\/index.php\/wp-json\/wp\/v2\/types\/page"}],"author":[{"embeddable":true,"href":"https:\/\/kineticsips.com\/index.php\/wp-json\/wp\/v2\/users\/1"}],"replies":[{"embeddable":true,"href":"https:\/\/kineticsips.com\/index.php\/wp-json\/wp\/v2\/comments?post=2603"}],"version-history":[{"count":33,"href":"https:\/\/kineticsips.com\/index.php\/wp-json\/wp\/v2\/pages\/2603\/revisions"}],"predecessor-version":[{"id":2786,"href":"https:\/\/kineticsips.com\/index.php\/wp-json\/wp\/v2\/pages\/2603\/revisions\/2786"}],"wp:attachment":[{"href":"https:\/\/kineticsips.com\/index.php\/wp-json\/wp\/v2\/media?parent=2603"}],"curies":[{"name":"wp","href":"https:\/\/api.w.org\/{rel}","templated":true}]}}